8
Let r = 6 - -2. Let h(q) be the first derivative of -q**3/3 + 5*q**2 - 10*q - 532. Calculate h(r).
6
Let t = -15 - -23. Suppose -t = 4*b, 0 = -2*k + 7*k - 3*b - 21. Let r(f) be the third derivative of f**6/120 - f**5/20 + f**4/24 + f**3/3 - 2*f**2. Give r(k).
5
Let c = -373 - -373. Let z(t) = t - 5. Calculate z(c).
-5
Let g(l) = -1. Let b(j) be the first derivative of j**3/3 - 3*j**2/2 - 10*j + 10. Let r(m) = -b(m) + 5*g(m). What is r(5)?
-5
Let t(j) = -j**2 + j - 1. Let n(v) = 7*v**2 - 2*v + 13. Let s(o) = n(o) + 6*t(o). Determine s(-3).
4
Let n(b) = -b - 1. Let q be (-34)/10 + (-4)/(-10). Let h be 3 - (-2 + 11) - q. Let u = -2 + h. Calculate n(u).
4
Let q(c) = -2*c**2 + 7*c + 9. Let b(l) = l**2 - 3*l - 4. Let x(t) = t - 15. Let p be x(10). Let g(d) = p*b(d) - 2*q(d). Calculate g(2).
0
Let c(o) = 5*o - 16 + 6*o - 23*o + 9*o. Calculate c(-10).
14
Let r(a) = -11*a**3 + 37*a**2 - 8*a - 8. Let c(n) = 4*n**3 - 12*n**2 + 3*n + 3. Let p(t) = 8*c(t) + 3*r(t). What is p(15)?
0
Let q = -3 + 2. Let g be 32/(-5) + (-32)/(-80). Let a(z) = -14*z - 5. Let i(b) = -b - 1. Let p(n) = g*i(n) + a(n). What is p(q)?
9
Let o(r) = 4*r**3 - 5*r**2 + 13*r + 11. Let h(z) = -z**3 - z - 1. Let u(d) = -5*h(d) - o(d). What is u(-6)?
6
Let g(z) = 53*z - 8 + 8 - 104*z + 45*z - z**2. Calculate g(-7).
-7
Let p(i) = -21*i**3 + i**2 - 1. Let d(g) = -g**3 - 6*g**2 + 8*g + 6. Let n be d(-7). Calculate p(n).
21
Let p = -7 - -10. Let o(n) = -n**2 + 14*n - 37. Let u be o(10). Let f(y) = 6 - u + y**2 - 4 - 14*y**p. Give f(1).
-14
Let s(w) = w**3 + 8*w**2 + 9*w - 3. Suppose -2*j + 40*r - 5 = 37*r, 0 = -3*r - 9. What is s(j)?
-17
Suppose 0 = 7*h + 2*h - 36. Let m(p) be the first derivative of 6 + 11/4*p**h + 1/3*p**3 + 1/2*p**2 + p. Give m(-1).
-10
Let n(g) be the second derivative of -g**5/20 - 17*g**4/12 - 12*g**2 - 581*g. Calculate n(-17).
-24
Suppose 4*a - 4 = 4*f - 0*f, -f = -2*a + 3. Let y(s) = -4*s**3 - 2*s**2 + 1. Let q be y(f). Let o(j) be the first derivative of j**2/2 + 3*j - 87. Give o(q).
-2
Let k(z) = 5*z - 1. Suppose -264*t + 263*t - 1 = 0. What is k(t)?
-6
Let y be (12/14)/((-3)/21). Let h = y - 0. Let x(m) = m**2 + 7*m - 6. Give x(h).
-12
Let z = 6 + -13. Let d(a) = -2*a**3 + 2*a**2 - 2*a - 1. Let s(k) = 17*k**3 - 24*k**2 + 29*k + 15. Let p(i) = -9*d(i) - s(i). Determine p(z).
22
Let u(f) = 2*f**3 + 4*f**2 + 3*f + 2. Suppose -12 + 4 = 4*h. Let z = 3 + h. Let g be -3 + 5 - (z - -3). Determine u(g).
-4
Let f(d) = -2*d + 4. Let m be 2 - 1 - (-4 + 11). Let l(y) = 11*y - 23. Let c(j) = m*l(j) - 34*f(j). Calculate c(-4).
-6
Let s(p) be the third derivative of 0 + 0*p - 1/6*p**3 + 1/4*p**4 - 6*p**2. Suppose 4*q - 7 = 4*d + q, -1 = -q. Determine s(d).
-7
Let m(j) be the third derivative of -j**4/24 + j**3/3 - j**2. Suppose -5 = -x - 5*n, 8*n - 6*n = -3*x + 2. Give m(x).
2
Let b(j) = -10*j**3 + j**2 - 2*j + 1. Suppose -5*u - 14*v + 15*v = -4, 0 = 5*u + 3*v - 8. What is b(u)?
-10
Let o(r) = 2*r. Let u = -11 + 13. Let d(i) = -3 - 1 + i - 4 - u*i. Let l be d(-5). Give o(l).
-6
Let b(x) = -x**2 - 9*x - 3. Suppose 6*z - 3*z = 3. Let d = -10 + z. Calculate b(d).
-3
Suppose 4*n - 2*n = -5*j + 4, -7 = 5*n + 4*j. Suppose 0 = -21*i + 12*i + 36. Let s(o) = -i - 36*o + 1 + 34*o. Determine s(n).
3
Suppose 5*q - 3 = 7. Suppose -5*m + 28 = 4*n, 4*m = -q*n + 3*m + 8. Let x(r) = -n + r + 0*r + 2 - 4. What is x(-6)?
-10
Let q(j) = j**2 + 18*j + 7. Let r be q(-19). Let i = 31 - r. Let s(a) be the first derivative of -a**2/2 - a - 3. What is s(i)?
-6
Let w(i) = -i**2 + 5*i - 1. Suppose 3*n + a = 4*n + 11, -3*a = 3*n + 39. Let c be (-95)/(-45)*-3 + 8/(-12). Let m = c - n. Determine w(m).
-1
Let t(b) = b**3 - b**2 - 4*b + 3. Let l be -2 + 5 + -5 - 4. Let y be l/15 - (-60)/25. Let f be y - 1 - (2 - 3). Calculate t(f).
-1
Let n(m) = -1 + 11*m - 8*m + 2*m - 3*m - 10. What is n(0)?
-11
Let k(f) = f - 3. Let z(r) = -4*r + 10. Let w(b) = 7*k(b) + 2*z(b). Let g(p) = p**2 - 5. Let l(s) = g(s) - 3*w(s). Give l(-3).
-2
Let n(h) = -9*h - 17*h**2 + 6 + 5*h**2 + 13*h**2. Let k be n(9). Let w(l) = -l**3 + 6*l**2 - l. Give w(k).
-6
Let l(b) = 3*b - 2. Let m be -5*(2/1 - 1). Let n(u) = -6*u - 1. Let x(a) = -25*a - 6. Let h(j) = -9*n(j) + 2*x(j). Let f(r) = m*l(r) + 4*h(r). Calculate f(5).
3
Let i(t) = -2*t**2 + 13*t - 14. Let d = -1170 + 1174. Calculate i(d).
6
Let n(h) = -h**3 - 4*h**2 + 3*h + 3. Let m(w) = -w - 4. Let p be m(-2). Let c be 30/(-50) + p/5. Let j be ((-2)/(-3))/(c/3). Calculate n(j).
-11
Let u(x) = -2*x + 8. Let g(q) = q**3 + 7*q**2 - q + 3. Let j be 1/7 - 50/7. Let m be g(j). Suppose -l + m = 4. What is u(l)?
-4
Let b(v) = -79*v**2 + 231*v**2 + 1 - 80*v**2 - 3 + 6*v - 71*v**2. Calculate b(-5).
-7
Let f(y) = -y**3 - 10*y**2 - 9*y - 4. Let v = -121 - -257. Let n = 127 - v. Calculate f(n).
-4
Let y(c) = 6 + 1 + 5 - c + 3 - 2. Calculate y(13).
0
Let q(n) = n**3 + n**2 + n + 3. Let o be q(0). Let k(x) = 12*x + 4*x**3 - 3*x - 3*x**o + 6*x**2 - 2*x**3 - 4. Calculate k(7).
10
Let w(z) = 6*z + 55 - 29 - 26 - z**2. Suppose q = -5*f + 38, 8 = 2*f - 2*q - 0*q. Give w(f).
-7
Let u(z) = 5*z**2 + z + 1. Suppose -36 = 3*v - 7*v. Let c = 8 - v. Determine u(c).
5
Let h(b) = -b**2 - 2*b - 2. Let m = 266 + -268. Calculate h(m).
-2
Let m be 4*(1/2 - 0). Let w be (4/8)/(m/(-16)). Let b(g) = 26899*g + 1 + 0 - 26898*g. Determine b(w).
-3
Let f(h) = -28 - 28 - 5*h + 53. Suppose 4*s + 5*o = 5, 2*o - 25 = -0*s + 3*s. Calculate f(s).
22
Let x(u) = u**3 - 4*u**2 + 2*u - 2. Let z be x(3). Suppose 6*j - 4*j = 4. Let o(c) = 0 + 0*c**2 + 3*c + c**j - 6 + 5. What is o(z)?
9
Let c(q) = -3*q + 4. Let f be 130/(-26) - (-2 - (1 + 8)). Determine c(f).
-14
Let a(m) be the first derivative of -1/2*m**2 + 29 + 10*m. What is a(6)?
4
Let n(i) = 2*i**2 + 2*i + 1. Let h(p) = 6*p**2 + 2*p - 5. Let d(a) = h(a) - 4*n(a). Give d(-4).
-17
Let p(t) = t + 16. Suppose 0 = -5*l - 7 - 23. Let g(i) = 1. Let d(j) = l*g(j) + p(j). What is d(-5)?
5
Let b(j) be the third derivative of j**6/120 - j**5/6 + 5*j**4/12 - j**3 - 3*j**2 + 4*j. Determine b(9).
3
Suppose 0 = -3*w - 15. Let k(r) be the third derivative of -r**5/60 - 5*r**4/24 + 5*r**3/6 - 499*r**2. Give k(w).
5
Let f(i) = -5*i**2 + 8*i**2 - 4*i**2 + 5 + i. Let w(z) = z**2 + 8*z + 6. Let p be w(-7). Let n(t) = -t**2 - 2*t - 1. Let u be n(p). Give f(u).
5
Let s(t) = 1 + 2*t**2 - 2*t + 1 + 2*t**2 - t**3. Let d be 9 + -4 - -8 - 9. What is s(d)?
-6
Let f(h) be the third derivative of h**4/12 + h**3/6 - 163*h**2. Let b = 4 + -7. Give f(b).
-5
Suppose 5*p - 4*v = -9*v + 25, -4*p = -4*v - 20. Suppose -p*u = 1 - 11. Let g(s) be the first derivative of -s**4/2 + s**3/3 + s**2 - s - 6. Determine g(u).
-9
Let k(u) = 8*u + 4. Let l be (20/6)/((-18)/27). Give k(l).
-36
Let y = 0 - -2. Let l(k) be the second derivative of k**6/120 + k**4/24 - 7*k**2/2 - 3*k. Let z(q) be the first derivative of l(q). What is z(y)?
10
Suppose -3*p = 10 - 28. Let x(n) = 3*n**2 + 34*n - 3. Let y(a) = -a**2 - 15*a + 1. Let b(s) = -2*x(s) - 5*y(s). Calculate b(p).
7
Let i(r) = 2*r**3 + r. Let p(b) = -b**3 - b**2 - 2*b. Let k = 9 + -6. Suppose 0 = -4*q - 5*t - 0*t + 33, 2*t = 10. Let j(z) = k*p(z) + q*i(z). Calculate j(3).
-12
Let q(c) = -2*c**2 + 3*c - 3. Let y(j) = -14. Let g(i) = 5. Let a(p) = -17*g(p) - 6*y(p). Let k(s) = 3*a(s) - q(s). Suppose 0 = -2*n - 3*n + 10. What is k(n)?
2
Let g(x) = -8*x + 7. Let t(v) = v - 1. Let n(j) = g(j) + 3*t(j). Let m = -101 - -101. Suppose m = -5*r - 15 + 35. Give n(r).
-16
Let z(h) be the second derivative of h**7/168 + h**6/360 - 2*h**3 + 3*h. Let u(n) be the second derivative of z(n). Calculate u(1).
6
Suppose 4*v - 13 = -x, 10 + 13 = 5*x - v. Let g(p) = -3*p + 5*p - 3 - 4. Give g(x).
3
Let t be (8/(-20))/(3/(-90)). Suppose t - 42 = 5*s. Let j(z) = -z**2 - 8*z + 1. Determine j(s).
13
Let g(o) = 3*o + 9. Let w be (-4)/(0 - 2 - -3). Let u be g(w). Let m(r) = r**2 + 5*r + 4. Give m(u).
-2
Let f = 18 + -11. Let z(n) = -n - 20*n**3 + f*n**3 + 7*n**3. Calculate z(1).
-7
Let y(g) be the third derivative of -g**5/120 - g**4/24 - 11*g**3/6 + 26*g**2. Let v(b) be the first derivative of y(b). What is v(3)?
-4
Let m be 6 + (4 - (1 - 0)). Let p = -7 + m. Let c(u) = -p + 3 + 2 + 2 + u. What is c(-5)?
0
Let b(t) = t**3 + 12*t**2 - 12*t + 19. Let o be b(-13). Suppose 9*z - 108 = o*z. Let l(r) = 2 - 4 - 35*r 